 the hundreds digit of p?
1
Suppose -2*r + 86426 = 5*z, 126*z - 127*z = 4*r - 172816. What is the thousands digit of r?
3
Let q = -80 - -80. Suppose q = 7*z + 16 - 2. Let w(l) = -71*l + 3. What is the tens digit of w(z)?
4
Suppose -18*w = -19*w, 2*a - 14236 = -4*w. What is the units digit of a?
8
Let h(k) = k**3 + k**2 - 9*k - 6. Let y be h(-3). Suppose -3*z - 4*j + 738 = -j, -5*z = y*j - 1234. Suppose 0 = -4*r - 0*r + z. What is the units digit of r?
2
Suppose -58*n = -53*n + 3*r - 59403, r = -3*n + 35637. What is the hundreds digit of n?
8
Let a be (18 - 20)/((0 - -1)/(-2)). Suppose -x - 5*l - 9 = 0, -x = a*x - 2*l - 36. What is the units digit of (68/x)/(2*2/30)?
5
Let i(h) = 3*h**2 - 20*h + 9. Let j be i(12). Let x = 382 - j. What is the tens digit of x?
8
Let x(r) = 92*r**3 - 3*r**2 + 11*r + 14. Let f(o) = o**3 - o**2 + o + 1. Let z(h) = 3*f(h) - x(h). What is the tens digit of z(-2)?
1
What is the tens digit of 629224/21 + 473/(-9933)?
6
Suppose 121882 + 416454 = 220*u - 116824. What is the units digit of u?
8
What is the tens digit of (29 - 31 - 0)*2*(-2 - 9049)?
0
Let q(c) be the second derivative of 11*c**4/3 - 5*c**3/3 + 37*c**2/2 - 64*c. What is the tens digit of q(4)?
0
Let j = 6558 + -3304. What is the tens digit of j?
5
Let q = -5493 + 8834. What is the hundreds digit of q?
3
Let y be 53/11 - (-72)/396. Suppose -r = y*h - 3*r - 1891, -3*h + 1147 = 5*r. What is the tens digit of h?
7
Let w = -2984 + 14624. What is the tens digit of w?
4
Suppose -27489 = -37*c + 982537. What is the units digit of c?
8
Suppose 3*c - 8 - 7 = 0. Let a(m) = -6 + 2 + 27*m + m**3 + 1 - 26*m. What is the hundreds digit of a(c)?
1
Suppose 0 = -2*q + 80 + 164. Let c = 306 - 369. Let f = c + q. What is the units digit of f?
9
Let h = -52994 - -92407. What is the hundreds digit of h?
4
Suppose 29*z = -3*c + 26*z - 738, 3*c - 4*z + 752 = 0. Let b = 341 - 510. Let n = b - c. What is the tens digit of n?
7
Let j(m) be the third derivative of 19*m**4/6 + 2*m**3 - 2*m**2 - 19. What is the units digit of j(4)?
6
Suppose 10*y - 29*y + 74617 = -35811. What is the tens digit of y?
1
What is the thousands digit of (79/474)/(2/12972)?
1
Let d(r) = 9 + r**3 - 2 - 5*r**2 - 3 + 16*r + 0*r**2. Let x be d(7). Suppose h + x = o, -o - 632 = -4*o - 2*h. What is the tens digit of o?
1
Let g(x) be the third derivative of 0*x - 1/120*x**6 + 0 - 3/20*x**5 - 24*x**2 + 1/6*x**4 - 5/3*x**3. What is the tens digit of g(-10)?
5
Let c = 3122 - -7151. What is the units digit of c?
3
Let i(c) = 20*c - 6. Let a be i(1). Suppose -a*k + 12*k + 6 = 0. Suppose -5*f + 396 = -4*l, f - k*l = -2*l + 79. What is the tens digit of f?
8
Suppose -d - 3650 = -5*g + 6224, -3*g + 5926 = -d. What is the hundreds digit of g?
9
Let m be ((-17502)/12 - -4)/((-3)/6). Suppose -4*t + 4*g + 2356 = 0, 0*g + 4*g = -5*t + m. What is the tens digit of t?
8
Suppose 17*r - 6237 = 10*r. Let y = r + -635. What is the units digit of y?
6
Suppose 0 = -5*m + 3*d + 83498, 4*m - 5*d - 14813 = 52001. What is the ten thousands digit of m?
1
Let m = 13 - 12. Suppose t = m + 1. What is the tens digit of (8 + t)*(2 - 78/(-15))?
7
Suppose -183*t + 1819728 = -3619764. What is the units digit of t?
4
Let g = -6 - -9. Suppose 2*r = -4*l - 18, -2*r + 6*r - 8 = g*l. What is the tens digit of 36 - (3 + l)*3?
3
Suppose 362 = -6*o - 316. Let x = 140 - o. Let m = x + -141. What is the hundreds digit of m?
1
Let c(p) = 41536*p**3 - p**2 + 14*p - 15. What is the tens digit of c(1)?
3
Let v = 150855 - 105200. What is the thousands digit of v?
5
Let i be 12/(-4)*40/(-6). Suppose 5*c = 3*x + i, 0 = -5*x - c - c + 8. Suppose -7*t - 4*t + 363 = x. What is the units digit of t?
3
Let w(t) = 4*t + 7. Let o be w(8). Let m = o + -37. Suppose -2*f + m*d = -18, d - 4 = -f - 3. What is the units digit of f?
5
Let d(q) = 174*q - 4. Let l be d(5). Let p = -595 + l. Suppose 0 = -g, 3*g + p = 4*i - 53. What is the tens digit of i?
8
Let l be (2 - -3) + (7 - -1119). Suppose 5*o + p - 2795 = 0, -2*o - 2*p - p + l = 0. What is the tens digit of o?
5
Suppose 2*s = r + 12713, 27*s - 19059 = 24*s + 5*r. What is the thousands digit of s?
6
Let m = -114 - -69. What is the units digit of (m/(-6))/((-3)/(-54))?
5
Let r be 7*6*(-1976)/(-156). Let g = 545 - r. What is the units digit of g?
3
Suppose -641*d = -646*d + 86345. What is the hundreds digit of d?
2
Let c be 1*(-4 - (2 + -6)). Suppose c = -3*s + 1749 - 99. Suppose 4*g - s = -g. What is the units digit of g?
0
Let r(u) = u**2 - 8*u - 693. What is the units digit of r(87)?
0
Let o = -59383 + 141132. What is the tens digit of o?
4
Let r(h) = h**2 + 15*h + 901. What is the hundreds digit of r(-61)?
7
What is the tens digit of 12 + -3 + 0 + 73441?
5
What is the tens digit of 12/78 + (-3648995)/(-91) + -10?
8
Let y = 3388 + -1952. Suppose -3 = -3*w, -5*d - 5*w + 4*w = -y. What is the units digit of d?
7
Suppose -2*b + 13 = 9. Suppose -17 = -4*z + c - b*c, -z = -4*c - 17. Suppose 2*q = -w + 299, -z*q = 4*w - 988 + 239. What is the hundreds digit of q?
1
Let r be -1183 - (2 - (1 - 0)). Let v = r - -1772. What is the tens digit of v?
8
Let f be -4 + 15/4 - (-51)/12. Suppose 2*j - 470 = -2*b, -b + 5*j - 695 = -f*b. Let r = b + -39. What is the hundreds digit of r?
2
Let d be (7 + -2)/(-10)*-42. Suppose 3*h = 6 + d. Let q(w) = 2*w**2 + 5*w + 6. What is the hundreds digit of q(h)?
2
Let j = -124 + 128. Suppose -j*h + 7*h + 248 = 4*w, 3*w + 2*h - 203 = 0. What is the units digit of w?
5
Let l(y) = 3*y**2 + 4*y - 9. Let x be l(4). Let u = 192 - x. What is the units digit of u?
7
Let o be (-16)/20*15/(-2). Suppose 6 = 5*i + 3*j, -j + o = -2*i - 5*j. Suppose 0 = i*h - 7*h - r + 3, 9 = 5*h - 4*r. What is the units digit of h?
1
Suppose -54 = 3*l - 129. Suppose l = -5*m, -3*m + 2728 = 4*g + m. What is the tens digit of g?
8
Let u = -36544 - -70704. What is the thousands digit of u?
4
Let v be 5 + (-82)/16 + (-100)/(-32). Suppose -5*t - v*a - a + 1395 = 0, 4*t - 1147 = 3*a. What is the tens digit of t?
8
Let a(l) = -2. Let j(k) = -256*k**3 + 3*k - 5. Let z(s) = a(s) - j(s). What is the tens digit of z(1)?
5
Let b be -1*177 - 0/1. Let f(k) = -k**2 - 2*k + 21. Let y be f(0). Let u = y - b. What is the tens digit of u?
9
Let y be 514*(21/(-63))/(2/(-18)). Let b = y - 868. What is the hundreds digit of b?
6
Suppose 215110 = 13*s - 111502. What is the ten thousands digit of s?
2
Let q(w) = 8*w**2 + 230*w + 964. What is the thousands digit of q(-94)?
0
Suppose -2*r + 40*r = -17*r + 1324510. What is the thousands digit of r?
4
Suppose -285212 = -22*n + 1024541 - 324263. What is the hundreds digit of n?
7
Suppose -138 = -3*c + 4*d - 13, -4*c + 115 = 5*d. Let n be 39 - ((-42)/c)/(2/5). Let m = 113 + n. What is the tens digit of m?
5
Suppose 0 = 28*o - 610 - 286. Let p(q) = 2*q - 3. Let v be p(4). Suppose v*b - 123 = o. What is the units digit of b?
1
Let k = -6974 - -10215. What is the units digit of k?
1
Let u be 1 - (23*1 - 1). Let q = -6798 + 6784. What is the units digit of (u/q)/(6/116)?
9
Let y = 4655 - 3695. What is the units digit of y?
0
Suppose 0 = 30*z + 25 - 85. Suppose b - d = 1269, -22*b + 27*b = z*d + 6357. What is the thousands digit of b?
1
Let n be (-4830)/(-980) - (-1)/14. Suppose -r = n*t - 6866, 0 = -3*r - 0*r - 12. What is the units digit of t?
4
Let y(p) = 4131*p - 1270. What is the tens digit of y(7)?
4
Let m = -29 - -35. Let o be 4/m*231/22. Suppose -414 = -o*d - 43. What is the units digit of d?
3
Suppose 0 = 63*v - 23*v + 91*v - 1051144. What is the tens digit of v?
2
What is the tens digit of 1848/(-1320) - (-203344)/10?
3
Suppose -4*o - 3*b = -309, 4*o + 0*o - 316 = 4*b. Suppose 112 = 5*j - o. Suppose j = 10*x - 8*x. What is the units digit of x?
9
Suppose -6 = -2*s, -2*k + 86537 = 5*s - 1530. What is the ten thousands digit of k?
4
Let r = -201 - -202. What is the hundreds digit of -2*(0 - r) - (-528 - -16)?
5
Let u = -3231 + 8482. What is the tens digit of u?
5
Let j be (9/(-60)*5)/(0 - 1/(-8)). Let f(v) = v - 1. Let b(r) = 16*r + 35. Let x(y) = -b(y) + 2*f(y). What is the tens digit of x(j)?
4
Suppose x - 195 = -3*r, 0 = 7*x - 5*x + 2*r - 370. Suppose -183*i + x*i = -1518. What is the hundreds digit of i?
5
Let d(s) = -114*s**3 + 4*s**2 - s - 30. What is the hundreds digit of d(-3)?
0
Let b be (234/(-2